{"id":24545,"date":"2024-03-19T06:01:35","date_gmt":"2024-03-19T06:01:35","guid":{"rendered":"https:\/\/redesnac.org\/?page_id=24545"},"modified":"2024-03-28T05:02:06","modified_gmt":"2024-03-28T05:02:06","slug":"revelations","status":"publish","type":"page","link":"https:\/\/redesnac.org\/index.php\/revelations\/","title":{"rendered":"R\u00e9v\u00e9lations"},"content":{"rendered":"\t\t<div data-elementor-type=\"wp-page\" data-elementor-id=\"24545\" class=\"elementor elementor-24545\">\n\t\t\t\t\t\t<section class=\"elementor-section elementor-top-section elementor-element elementor-element-701d79f scheme_light elementor-section-boxed elementor-section-height-default elementor-section-height-default sc_fly_static\" data-id=\"701d79f\" data-element_type=\"section\" data-e-type=\"section\" data-settings=\"{&quot;background_background&quot;:&quot;classic&quot;}\">\n\t\t\t\t\t\t<div class=\"elementor-container elementor-column-gap-extended\">\n\t\t\t\t\t<div class=\"elementor-column elementor-col-100 elementor-top-column elementor-element elementor-element-95ac02b sc_content_align_inherit sc_layouts_column_icons_position_left sc_fly_static\" data-id=\"95ac02b\" data-element_type=\"column\" data-e-type=\"column\">\n\t\t\t<div class=\"elementor-widget-wrap\">\n\t\t\t\t\t\t\t<\/div>\n\t\t<\/div>\n\t\t\t\t\t<\/div>\n\t\t<\/section>\n\t\t\t\t<section class=\"elementor-section elementor-top-section elementor-element elementor-element-2a316e84 scheme_default elementor-section-boxed elementor-section-height-default elementor-section-height-default sc_fly_static\" data-id=\"2a316e84\" data-element_type=\"section\" data-e-type=\"section\" data-settings=\"{&quot;background_background&quot;:&quot;classic&quot;}\">\n\t\t\t\t\t\t<div class=\"elementor-container elementor-column-gap-extended\">\n\t\t\t\t\t<div class=\"elementor-column elementor-col-100 elementor-top-column elementor-element elementor-element-35c98be7 sc_content_align_inherit sc_layouts_column_icons_position_left sc_fly_static\" data-id=\"35c98be7\" data-element_type=\"column\" data-e-type=\"column\">\n\t\t\t<div class=\"elementor-widget-wrap elementor-element-populated\">\n\t\t\t\t\t\t<div class=\"elementor-element elementor-element-5ce29d7b sc_height_huge sc_fly_static elementor-widget elementor-widget-spacer\" data-id=\"5ce29d7b\" data-element_type=\"widget\" data-e-type=\"widget\" data-widget_type=\"spacer.default\">\n\t\t\t\t<div class=\"elementor-widget-container\">\n\t\t\t\t\t\t\t<div class=\"elementor-spacer\">\n\t\t\t<div class=\"elementor-spacer-inner\"><\/div>\n\t\t<\/div>\n\t\t\t\t\t\t<\/div>\n\t\t\t\t<\/div>\n\t\t\t\t<div class=\"elementor-element elementor-element-bfb1ffe sc_fly_static elementor-widget elementor-widget-trx_sc_title\" data-id=\"bfb1ffe\" data-element_type=\"widget\" data-e-type=\"widget\" data-widget_type=\"trx_sc_title.default\">\n\t\t\t\t<div class=\"elementor-widget-container\">\n\t\t\t\t\t<div\t\tclass=\"sc_title sc_title_default\" ><span class=\"sc_item_subtitle sc_title_subtitle sc_align_center sc_item_subtitle_above sc_item_title_style_default\">R\u00e9v\u00e9lations<\/span><h2 class=\"sc_item_title sc_title_title sc_align_center sc_item_title_style_default\"\n\t\t\t><span class=\"sc_item_title_text\">R\u00e9v\u00e9lations du Seigneur J\u00e9sus-Christ<\/span><\/h2><\/div>\t\t\t\t<\/div>\n\t\t\t\t<\/div>\n\t\t\t\t<div class=\"elementor-element elementor-element-3508881 sc_height_medium sc_fly_static elementor-widget elementor-widget-spacer\" data-id=\"3508881\" data-element_type=\"widget\" data-e-type=\"widget\" data-widget_type=\"spacer.default\">\n\t\t\t\t<div class=\"elementor-widget-container\">\n\t\t\t\t\t\t\t<div class=\"elementor-spacer\">\n\t\t\t<div class=\"elementor-spacer-inner\"><\/div>\n\t\t<\/div>\n\t\t\t\t\t\t<\/div>\n\t\t\t\t<\/div>\n\t\t\t\t<div class=\"elementor-element elementor-element-4ffa0ac sc_fly_static elementor-widget elementor-widget-trx_sc_services\" data-id=\"4ffa0ac\" data-element_type=\"widget\" data-e-type=\"widget\" data-widget_type=\"trx_sc_services.default\">\n\t\t\t\t<div class=\"elementor-widget-container\">\n\t\t\t\t\t<div class=\"sc_services sc_services_default sc_services_featured_top\"><div class=\"sc_services_columns_wrap sc_item_columns sc_item_posts_container sc_item_columns_3 trx_addons_columns_wrap columns_padding_bottom\"><div class=\"trx_addons_column-1_3\"><div data-post-id=\"24488\" class=\"sc_services_item sc_item_container post_container without_content with_image sc_services_item_featured_top post-24488 cpt_services type-cpt_services status-publish has-post-thumbnail hentry cpt_services_group-revelations\" data-item-number=\"1\"\n>\n\t<div class=\"post_featured with_thumb hover_link sc_services_item_thumb\"><img fetchpriority=\"high\" decoding=\"async\" width=\"890\" height=\"664\" src=\"https:\/\/redesnac.org\/wp-content\/uploads\/2022\/04\/Les-neuf-promesses-de-Jesus-Christ-890x664.jpg\" class=\"attachment-faith-hope-thumb-square size-faith-hope-thumb-square wp-post-image\" alt=\"\" \/>\t\t\t\t\t\t<div class=\"mask\"><\/div>\n\t\t\t\t\t\t<a class=\"post_link sc_services_item_link\" href=\"https:\/\/redesnac.org\/index.php\/services\/les-neuf-promesses-de-jesus-christ\/\"><\/a>\t\t\t<a href=\"https:\/\/redesnac.org\/index.php\/services\/les-neuf-promesses-de-jesus-christ\/\"  aria-hidden=\"true\" class=\"link\"><\/a>\n\t\t\t<\/div>\t\n\t<div class=\"sc_services_item_info\">\n\t\t\t\t<div class=\"sc_services_item_header\">\n\t\t\t\t\t\t<h4 class=\"sc_services_item_title entry-title\"><a href=\"https:\/\/redesnac.org\/index.php\/services\/les-neuf-promesses-de-jesus-christ\/\">Les neuf promesses de J\u00e9sus-Christ<\/a><\/h4>\n\t\t\t\t\t<\/div>\n\t\t        <div class=\"sc_services_item_button sc_item_button\">\n            <a href=\"https:\/\/redesnac.org\/index.php\/services\/les-neuf-promesses-de-jesus-christ\/\" class=\"sc_services_item_more_link\">\n                <span class=\"link_text\">Consulter<\/span><span class=\"link_icon\"><\/span>\n            <\/a>\n            <\/div><\/div>\n<\/div>\n<\/div><div class=\"trx_addons_column-1_3\"><div data-post-id=\"20431\" class=\"sc_services_item sc_item_container post_container without_content with_image sc_services_item_featured_top post-20431 cpt_services type-cpt_services status-publish has-post-thumbnail hentry cpt_services_group-revelations\" data-item-number=\"2\"\n>\n\t<div class=\"post_featured with_thumb hover_link sc_services_item_thumb\"><img decoding=\"async\" width=\"890\" height=\"664\" src=\"https:\/\/redesnac.org\/wp-content\/uploads\/2022\/04\/hospital-room-with-bed-1-890x664.jpg\" class=\"attachment-faith-hope-thumb-square size-faith-hope-thumb-square wp-post-image\" alt=\"\" \/>\t\t\t\t\t\t<div class=\"mask\"><\/div>\n\t\t\t\t\t\t<a class=\"post_link sc_services_item_link\" href=\"https:\/\/redesnac.org\/index.php\/services\/solutions-de-sante\/\"><\/a>\t\t\t<a href=\"https:\/\/redesnac.org\/index.php\/services\/solutions-de-sante\/\"  aria-hidden=\"true\" class=\"link\"><\/a>\n\t\t\t<\/div>\t\n\t<div class=\"sc_services_item_info\">\n\t\t\t\t<div class=\"sc_services_item_header\">\n\t\t\t\t\t\t<h4 class=\"sc_services_item_title entry-title\"><a href=\"https:\/\/redesnac.org\/index.php\/services\/solutions-de-sante\/\">Solutions de sant\u00e9<\/a><\/h4>\n\t\t\t\t\t<\/div>\n\t\t        <div class=\"sc_services_item_button sc_item_button\">\n            <a href=\"https:\/\/redesnac.org\/index.php\/services\/solutions-de-sante\/\" class=\"sc_services_item_more_link\">\n                <span class=\"link_text\">Consulter<\/span><span class=\"link_icon\"><\/span>\n            <\/a>\n            <\/div><\/div>\n<\/div>\n<\/div><div class=\"trx_addons_column-1_3\"><div data-post-id=\"20430\" class=\"sc_services_item sc_item_container post_container without_content with_image sc_services_item_featured_top post-20430 cpt_services type-cpt_services status-publish has-post-thumbnail hentry cpt_services_group-revelations\" data-item-number=\"3\"\n>\n\t<div class=\"post_featured with_thumb hover_link sc_services_item_thumb\"><img decoding=\"async\" width=\"890\" height=\"664\" src=\"https:\/\/redesnac.org\/wp-content\/uploads\/2022\/04\/Consignes-890x664.jpg\" class=\"attachment-faith-hope-thumb-square size-faith-hope-thumb-square wp-post-image\" alt=\"\" \/>\t\t\t\t\t\t<div class=\"mask\"><\/div>\n\t\t\t\t\t\t<a class=\"post_link sc_services_item_link\" href=\"https:\/\/redesnac.org\/index.php\/services\/consignes\/\"><\/a>\t\t\t<a href=\"https:\/\/redesnac.org\/index.php\/services\/consignes\/\"  aria-hidden=\"true\" class=\"link\"><\/a>\n\t\t\t<\/div>\t\n\t<div class=\"sc_services_item_info\">\n\t\t\t\t<div class=\"sc_services_item_header\">\n\t\t\t\t\t\t<h4 class=\"sc_services_item_title entry-title\"><a href=\"https:\/\/redesnac.org\/index.php\/services\/consignes\/\">Consignes<\/a><\/h4>\n\t\t\t\t\t<\/div>\n\t\t        <div class=\"sc_services_item_button sc_item_button\">\n            <a href=\"https:\/\/redesnac.org\/index.php\/services\/consignes\/\" class=\"sc_services_item_more_link\">\n                <span class=\"link_text\">Consulter<\/span><span class=\"link_icon\"><\/span>\n            <\/a>\n            <\/div><\/div>\n<\/div>\n<\/div><div class=\"trx_addons_column-1_3\"><div data-post-id=\"20432\" class=\"sc_services_item sc_item_container post_container without_content with_image sc_services_item_featured_top post-20432 cpt_services type-cpt_services status-publish has-post-thumbnail hentry cpt_services_group-revelations\" data-item-number=\"4\"\n>\n\t<div class=\"post_featured with_thumb hover_link sc_services_item_thumb\"><img loading=\"lazy\" decoding=\"async\" width=\"890\" height=\"664\" src=\"https:\/\/redesnac.org\/wp-content\/uploads\/2022\/04\/Programme-de-priere-890x664.jpg\" class=\"attachment-faith-hope-thumb-square size-faith-hope-thumb-square wp-post-image\" alt=\"\" \/>\t\t\t\t\t\t<div class=\"mask\"><\/div>\n\t\t\t\t\t\t<a class=\"post_link sc_services_item_link\" href=\"https:\/\/redesnac.org\/index.php\/services\/programme-de-priere\/\"><\/a>\t\t\t<a href=\"https:\/\/redesnac.org\/index.php\/services\/programme-de-priere\/\"  aria-hidden=\"true\" class=\"link\"><\/a>\n\t\t\t<\/div>\t\n\t<div class=\"sc_services_item_info\">\n\t\t\t\t<div class=\"sc_services_item_header\">\n\t\t\t\t\t\t<h4 class=\"sc_services_item_title entry-title\"><a href=\"https:\/\/redesnac.org\/index.php\/services\/programme-de-priere\/\">Programme de pri\u00e8re<\/a><\/h4>\n\t\t\t\t\t<\/div>\n\t\t        <div class=\"sc_services_item_button sc_item_button\">\n            <a href=\"https:\/\/redesnac.org\/index.php\/services\/programme-de-priere\/\" class=\"sc_services_item_more_link\">\n                <span class=\"link_text\">Consulter<\/span><span class=\"link_icon\"><\/span>\n            <\/a>\n            <\/div><\/div>\n<\/div>\n<\/div><div class=\"trx_addons_column-1_3\"><div data-post-id=\"24487\" class=\"sc_services_item sc_item_container post_container without_content with_image sc_services_item_featured_top post-24487 cpt_services type-cpt_services status-publish has-post-thumbnail hentry cpt_services_group-revelations\" data-item-number=\"5\"\n>\n\t<div class=\"post_featured with_thumb hover_link sc_services_item_thumb\"><img loading=\"lazy\" decoding=\"async\" width=\"890\" height=\"664\" src=\"https:\/\/redesnac.org\/wp-content\/uploads\/2024\/03\/pexels-vanessa-garcia-6324244-890x664.jpg\" class=\"attachment-faith-hope-thumb-square size-faith-hope-thumb-square wp-post-image\" alt=\"\" \/>\t\t\t\t\t\t<div class=\"mask\"><\/div>\n\t\t\t\t\t\t<a class=\"post_link sc_services_item_link\" href=\"https:\/\/redesnac.org\/index.php\/services\/traitement-contre-le-coronavirus\/\"><\/a>\t\t\t<a href=\"https:\/\/redesnac.org\/index.php\/services\/traitement-contre-le-coronavirus\/\"  aria-hidden=\"true\" class=\"link\"><\/a>\n\t\t\t<\/div>\t\n\t<div class=\"sc_services_item_info\">\n\t\t\t\t<div class=\"sc_services_item_header\">\n\t\t\t\t\t\t<h4 class=\"sc_services_item_title entry-title\"><a href=\"https:\/\/redesnac.org\/index.php\/services\/traitement-contre-le-coronavirus\/\">Traitement contre le coronavirus<\/a><\/h4>\n\t\t\t\t\t<\/div>\n\t\t        <div class=\"sc_services_item_button sc_item_button\">\n            <a href=\"https:\/\/redesnac.org\/index.php\/services\/traitement-contre-le-coronavirus\/\" class=\"sc_services_item_more_link\">\n                <span class=\"link_text\">Consulter<\/span><span class=\"link_icon\"><\/span>\n            <\/a>\n            <\/div><\/div>\n<\/div>\n<\/div><\/div><\/div>\t\t\t\t<\/div>\n\t\t\t\t<\/div>\n\t\t\t\t<div class=\"elementor-element elementor-element-589b94a4 sc_height_huge sc_fly_static elementor-widget elementor-widget-spacer\" data-id=\"589b94a4\" data-element_type=\"widget\" data-e-type=\"widget\" data-widget_type=\"spacer.default\">\n\t\t\t\t<div class=\"elementor-widget-container\">\n\t\t\t\t\t\t\t<div class=\"elementor-spacer\">\n\t\t\t<div class=\"elementor-spacer-inner\"><\/div>\n\t\t<\/div>\n\t\t\t\t\t\t<\/div>\n\t\t\t\t<\/div>\n\t\t\t\t\t<\/div>\n\t\t<\/div>\n\t\t\t\t\t<\/div>\n\t\t<\/section>\n\t\t\t\t<\/div>\n\t\t","protected":false},"excerpt":{"rendered":"<p>R\u00e9v\u00e9lations R\u00e9v\u00e9lations du Seigneur J\u00e9sus-Christ Les neuf promesses de J\u00e9sus-Christ Consulter Solutions de sant\u00e9 Consulter Consignes Consulter Programme de pri\u00e8re Consulter Traitement contre le coronavirus Consulter<\/p>\n","protected":false},"author":1,"featured_media":0,"parent":0,"menu_order":0,"comment_status":"closed","ping_status":"closed","template":"","meta":{"footnotes":""},"class_list":["post-24545","page","type-page","status-publish","hentry"],"_links":{"self":[{"href":"https:\/\/redesnac.org\/index.php\/wp-json\/wp\/v2\/pages\/24545","targetHints":{"allow":["GET"]}}],"collection":[{"href":"https:\/\/redesnac.org\/index.php\/wp-json\/wp\/v2\/pages"}],"about":[{"href":"https:\/\/redesnac.org\/index.php\/wp-json\/wp\/v2\/types\/page"}],"author":[{"embeddable":true,"href":"https:\/\/redesnac.org\/index.php\/wp-json\/wp\/v2\/users\/1"}],"replies":[{"embeddable":true,"href":"https:\/\/redesnac.org\/index.php\/wp-json\/wp\/v2\/comments?post=24545"}],"version-history":[{"count":13,"href":"https:\/\/redesnac.org\/index.php\/wp-json\/wp\/v2\/pages\/24545\/revisions"}],"predecessor-version":[{"id":25127,"href":"https:\/\/redesnac.org\/index.php\/wp-json\/wp\/v2\/pages\/24545\/revisions\/25127"}],"wp:attachment":[{"href":"https:\/\/redesnac.org\/index.php\/wp-json\/wp\/v2\/media?parent=24545"}],"curies":[{"name":"wp","href":"https:\/\/api.w.org\/{rel}","templated":true}]}}